2. Suppose 0 = -l*z + 2*o + 64, 3*o = 4*o - 3. List the prime factors of z.
2, 7
Let j be 12 + -14 - 3*-2. Suppose 3*g - 2*g = -j, 2*n + 26 = 3*g. Let x(a) = -a**2 - 23*a + 3. List the prime factors of x(n).
79
Let i = -6 + 8. Let j(r) = -1 + 10 - i - 2*r. List the prime factors of j(-7).
3, 7
Let p = -1620 + 3669. What are the prime factors of p?
3, 683
Let u = 927 + -528. What are the prime factors of u?
3, 7, 19
Let o be (-2 + -13)*(-5 - 7). Suppose -3*z = -7*z + o. What are the prime factors of z?
3, 5
Suppose 3*q + 0 = 9. Suppose -2*g - 3*g - q*u = -390, -2*g - 2*u = -160. Suppose -3*m = 3*y + y - g, 0 = 4*m + 5*y - 100. List the prime factors of m.
5
Suppose 44*g = -4*g + 10032. List the prime factors of g.
11, 19
Suppose 14*v + 19568 = 30*v. What are the prime factors of v?
1223
Suppose -6 + 0 = 2*b. Suppose 5*s = 4*s + 4*f + 2, s - 2*f = -6. List the prime factors of ((-21)/s)/(b/(-10)).
5
Suppose 0*v + 360 = 5*v. Suppose -78 = -3*m + v. List the prime factors of m.
2, 5
Let i = 6 + 18. Suppose -3*r + 22 = 4*c, 6*r = 4*r - 5*c + i. Suppose r*q + 8 = 4*q. List the prime factors of q.
2
Let m = 55 + -197. List the prime factors of (m/4 - 0)/((-2)/12).
3, 71
Let j(q) = 2*q**2 + 3*q + 4. Let d = -6 - -11. Suppose 4*g - d = 5*g. What are the prime factors of j(g)?
3, 13
Suppose t - 9 = 4*t. Let n be (-2)/t*(-9)/(-2). Suppose -n*o + a - 86 = -267, -5*a - 5 = 0. What are the prime factors of o?
2, 3, 5
Let q be 4/(-3)*117/(-6). Let a = q + 19. What are the prime factors of (-168)/(-27) - 10/a?
2, 3
Suppose 0 = -7*k + 14924 + 3920. What are the prime factors of k?
2, 673
Suppose -d + 5*d + 16 = 0. What are the prime factors of (-2 + -6)/d*113?
2, 113
Suppose -26*t + 44*t - 7182 = 0. List the prime factors of t.
3, 7, 19
Suppose 11 - 21 = -5*z. Let j = z + 63. List the prime factors of j.
5, 13
Let v = 1299 - 828. List the prime factors of v.
3, 157
List the prime factors of (27819/(-44))/(4/(-16)).
3, 281
List the prime factors of 448/1*(45 + -39).
2, 3, 7
Suppose -228*m + 230*m - 46 = 0. Suppose -2*r + 321 = m. List the prime factors of r.
149
Let q(y) = y**2 - 4*y - 2. Let g be q(5). Suppose -g*p + 35 = 8. Suppose -v = -p - 7. What are the prime factors of v?
2
Let z be 5/1 + (-46 - 20/(-10)). Suppose 0 = 3*j - 14 - 13. What are the prime factors of z*(15/j)/(-5)?
13
Let t(w) = -w**3 + 4*w**2 - 3*w + 4. Let o be t(3). Suppose -5*v - o*l + 370 = l, 0 = -4*v - 3*l + 300. List the prime factors of v.
2, 3, 13
Let z be (1000 - (-2 - 2/(-2))) + 1. Suppose 5*s - z = -112. What are the prime factors of s?
2, 89
Let f(n) = 261*n**2 - n - 1. List the prime factors of f(-1).
3, 29
Suppose 11 = 4*a + 3. Suppose 0 = a*p + 4 + 14. List the prime factors of p + 7 + 12/2.
2
Let p(q) = 31*q**2 - 8*q + 28. What are the prime factors of p(6)?
2, 137
Let z(b) be the third derivative of b**6/120 + 7*b**5/60 - 5*b**4/12 - 6*b**2. List the prime factors of z(-8).
2
Let a(p) be the first derivative of p**4/4 - 2*p**3/3 - 3*p**2/2 - 8*p + 1. Let j be a(4). Let i = 14 - j. What are the prime factors of i?
2
Let c(i) = -i**3 - 12*i**2 - 13*i - 24. Let j be c(-11). Let w(o) = -2*o**2 - 1 - o + 4*o**2 + 0*o**2. List the prime factors of w(j).
3
Let k = -4 + 6. Suppose -3*u - k*a = -8, 3*a = 2*u - 4*u + 2. Let n = 40 - u. List the prime factors of n.
2, 3
Let j be 0 - -4 - (-324 + 1). Suppose 0 = 33*c - 36*c + j. List the prime factors of c.
109
Let u be 1*1/(-4) + (-4635)/36. Let m = 255 + u. List the prime factors of m.
2, 3, 7
Let a = 13 - 50. List the prime factors of (a*(-1)/(-1))/(-1).
37
Let i be -3*(4 - 5/(15/19)). Let y(w) = -w**3 + 11*w**2 - 4*w - 3. List the prime factors of y(i).
3, 5, 11
Let v(p) = -p**3 - 18*p**2 - 3*p + 38. What are the prime factors of v(-18)?
2, 23
Suppose -9*r - 587 = -10*r. List the prime factors of r.
587
Let w be (-2)/4*(487 - -1). Let k = -174 - w. What are the prime factors of k?
2, 5, 7
Let k be (30 + -2)*((3 - 2) + 9). List the prime factors of k + (4 + -16)/(-4).
283
Suppose c - 4876 = 93*p - 95*p, -5*p - 19452 = -4*c. What are the prime factors of c?
2, 1217
Suppose -435*l + 32188 = -422*l. What are the prime factors of l?
2, 619
Let w = 27 - 27. Suppose w = 2*r + 2*o - 166, 3*r - 250 = -o - o. List the prime factors of r.
2, 3, 7
Let u be 184/(-3)*6/(-4). Suppose -w - 228 = -4*j, -5*w = j + j - u. What are the prime factors of j?
2, 7
Let w = 1100 + -128. What are the prime factors of w?
2, 3
Suppose 0 = -2*x + 2*c - 1 - 1, 0 = -3*x - c + 1. Let r(m) = -4*m**2 + m + 205. List the prime factors of r(x).
5, 41
Let f(m) be the first derivative of 31*m**3/3 + m + 1. What are the prime factors of f(2)?
5
Suppose 0 = 4*r - 15524 - 3720. What are the prime factors of r?
17, 283
List the prime factors of (-2076)/(-3) + (-2)/(-2) + -4.
13, 53
Let j = -7930 + 14251. What are the prime factors of j?
3, 7, 43
Let c be 10*2*(-4)/(-16). Suppose z - 49 = -c*f, f + 2*f = z - 33. What are the prime factors of z?
3, 13
Let s(y) be the third derivative of -y**4/6 - 17*y**3/6 - 50*y**2. Let h(f) = 5*f - 2. Let k be h(-2). What are the prime factors of s(k)?
31
Let y be 1*(-2 + -3) + 1. Let r = -20 + 22. List the prime factors of (5 + y)/(r/42).
3, 7
Suppose -2*d + 3328 = 2*d. List the prime factors of d.
2, 13
Suppose -5*q - l = -11, -2*l + 10 = 5*q - q. Suppose 3*f + 5*j - 46 = 111, -q*f = 5*j - 113. List the prime factors of f.
2, 11
Suppose 6*k = -20*k + 24544. List the prime factors of k.
2, 59
Suppose 5*d = 47 + 23. List the prime factors of (6 - (-992)/56) + 4/d.
2, 3
Suppose -y - 3*a + 8*a + 417 = 0, 3*a - 1287 = -3*y. Suppose 5*g + 2*g = -y. Let o = -22 - g. What are the prime factors of o?
3, 13
Let v(z) = 2*z**2 + 4*z + 20. Let u be v(-9). Let m = u + -33. List the prime factors of m.
113
Suppose -4*y + 2*y + 2*x = -14, 5*y = -4*x - 10. What are the prime factors of (y + 2 - 4) + (-2 - -141)?
139
Let z be -7*(-19)/7*6 + 2. What are the prime factors of (z/6)/(4/42)?
7, 29
Suppose -3*a - 40 + 15 = -2*h, 5 = 3*h + 2*a. Suppose h*k - 2*n + 6*n = 199, 4*k - 2*n = 180. What are the prime factors of k?
43
Let z(i) = -i**3 - 16*i**2 + 16*i + 13. Let m(n) = 8*n + 7. Let p be m(-3). List the prime factors of z(p).
2, 3, 5
List the prime factors of (2/(24/(-20)))/((-4)/1416).
2, 5, 59
Let r = 3168 - 1969. What are the prime factors of r?
11, 109
Let q = 4661 - 3155. List the prime factors of q.
2, 3, 251
Let r = -31 + 41. Let u = r - -14. List the prime factors of u.
2, 3
Let i = -158 + 226. Let x = i - 8. Suppose f + x = 5*f. What are the prime factors of f?
3, 5
What are the prime factors of 139113/82*(-4)/(-6)?
3, 13, 29
Suppose -10*h + 43 = -7. Suppose -113 = -h*b + 1272. List the prime factors of b.
277
Suppose -17*m = -16*m - 3. Suppose -m*h + 83 = -115. What are the prime factors of h?
2, 3, 11
Let a be (-2)/(-4) - (-25)/10. Let j(h) = -11 + 8*h**2 - 3*h - h**3 + 3*h**2 + h**2 - a*h**2. What are the prime factors of j(8)?
29
Suppose -16*h + 281 = -599. List the prime factors of h.
5, 11
Let d(q) = 32*q**3 + 2*q**2 - q + 4. List the prime factors of d(3).
883
Let c be -2*(-1)/2 - 10. Let k(z) = 2*z**2 + 14*z - 34. Let a(f) = f**2 + 8*f - 17. Let y(b) = -7*a(b) + 3*k(b). What are the prime factors of y(c)?
2, 31
Suppose 3 = 4*t - 185. Let f = t + -41. List the prime factors of f.
2, 3
Suppose -2*a = -4*a - 4*s - 4, -4 = 5*a + 4*s. Suppose -2*o + 511 = 5*t, 4*o + 3*t - 2*t - 995 = a. What are the prime factors of o?
2, 31
Suppose -3*n = l - 77 - 310, -4*l = 3*n - 1593. What are the prime factors of l?
2, 3, 67
Suppose -l = -6*l + 1310. Suppose -4*b + 96 = 2*g - 110, g - l = -5*b. What are the prime factors of b?
53
Let l = -3 - -5. Suppose 2*z = -1 + 3, 5*z = l*h - 127. List the prime factors of 1/(2 - 129/h).
2, 11
Suppose -15*y - 40*y + 133870 = 0. What are the prime factors of y?
2, 1217
Suppose -8*c - 5*c + 2288 = 0. What are the prime factors of c?
2, 11
Let k = -409 - -793. Let y = k - 203. What are the prime factors of y?
181
What are the prime factors of (0 - (-31785)/20)*(-16)/(-6)?
2, 13, 163
Let u be 5/(-25) + 89/(-5). Let v = -13 - u. Suppose -2*o - 2*i + 34 = 0, -28 = -v*o + i + 75. What are the prime factors of o?
2, 5
Let n(w) = w**3 + 2*w**2 - 10*w - 6. Let f be n(-4). Suppose u - f*u = -4*x - 59, 3 = -3*x. What are the 